 the greatest common factor of 132414 and 174.
174
What is the highest common factor of 322 and 42688?
46
What is the greatest common divisor of 1817 and 46?
23
What is the highest common divisor of 556 and 31414?
278
Calculate the greatest common divisor of 65824 and 4840.
968
Calculate the highest common factor of 3088 and 430969.
193
What is the highest common divisor of 4678636 and 38?
38
What is the highest common divisor of 5568 and 117184?
64
Calculate the highest common factor of 369816 and 114.
114
Calculate the highest common divisor of 33 and 12291609.
33
Calculate the highest common divisor of 40 and 224970.
10
Calculate the greatest common divisor of 510351 and 2799.
933
Calculate the highest common factor of 242475 and 475.
25
Calculate the greatest common divisor of 45380 and 10.
10
What is the highest common divisor of 27606 and 52890?
258
Calculate the greatest common divisor of 28 and 1309.
7
What is the greatest common factor of 364 and 336245?
91
What is the greatest common factor of 1708 and 72712?
244
Calculate the greatest common factor of 13 and 569101.
13
Calculate the greatest common factor of 30 and 444.
6
Calculate the highest common factor of 3264 and 50688.
192
What is the highest common factor of 10 and 106445?
5
What is the greatest common divisor of 711 and 262201?
79
What is the greatest common divisor of 10488 and 1672?
152
Calculate the greatest common factor of 163 and 76121.
163
What is the greatest common factor of 350 and 109?
1
Calculate the highest common divisor of 534 and 148110.
6
Calculate the greatest common divisor of 132444 and 2106.
234
Calculate the highest common factor of 570 and 2337.
57
What is the highest common factor of 570 and 33450?
30
What is the greatest common factor of 60345 and 32780?
745
What is the highest common factor of 20270 and 50?
10
What is the highest common factor of 19 and 341753?
19
What is the highest common factor of 2198950 and 442?
442
Calculate the highest common divisor of 64 and 85336.
8
Calculate the greatest common factor of 60701 and 101.
101
What is the highest common divisor of 104 and 118612?
52
Calculate the highest common factor of 8 and 3701.
1
What is the greatest common factor of 1024 and 77376?
64
Calculate the highest common divisor of 13333 and 268.
67
What is the greatest common divisor of 630 and 107190?
90
What is the highest common factor of 17334 and 40981?
107
What is the highest common factor of 13139 and 28?
7
Calculate the greatest common divisor of 20017 and 185.
37
Calculate the greatest common factor of 763230 and 26.
26
Calculate the highest common factor of 8732 and 6136.
236
Calculate the greatest common factor of 168 and 87444.
84
What is the greatest common factor of 6 and 450576?
6
What is the highest common factor of 4009 and 1688?
211
Calculate the greatest common factor of 1321012 and 616.
308
What is the highest common factor of 560 and 430?
10
What is the highest common divisor of 180 and 3468?
12
Calculate the highest common divisor of 4984 and 890.
178
Calculate the greatest common factor of 207900 and 21.
21
What is the greatest common divisor of 481 and 8411?
13
Calculate the highest common divisor of 57830 and 200.
10
Calculate the greatest common factor of 16457 and 98.
7
What is the highest common factor of 415 and 45401?
83
What is the highest common factor of 421 and 25524809?
421
Calculate the greatest common factor of 105125 and 125.
125
What is the greatest common factor of 576 and 1185600?
192
Calculate the greatest common divisor of 428 and 115988.
428
Calculate the highest common factor of 11707 and 63116.
509
Calculate the highest common factor of 1541 and 1474.
67
Calculate the highest common divisor of 49786 and 155.
31
What is the greatest common factor of 891 and 213180?
33
What is the greatest common divisor of 1070 and 160?
10
What is the highest common factor of 11592 and 113666?
322
Calculate the greatest common divisor of 546 and 620295.
39
What is the highest common divisor of 1521 and 36?
9
Calculate the greatest common factor of 448 and 177408.
448
Calculate the greatest common divisor of 1 and 66251.
1
What is the highest common factor of 84 and 39372?
12
What is the highest common factor of 3075 and 525?
75
Calculate the greatest common factor of 32 and 49864.
8
What is the greatest common factor of 207 and 50531?
23
Calculate the greatest common factor of 315327 and 89.
89
Calculate the greatest common divisor of 3280 and 116768.
656
Calculate the greatest common divisor of 37338 and 151638.
762
What is the highest common divisor of 250100 and 20?
20
What is the highest common factor of 22235 and 25?
5
What is the highest common factor of 55674 and 162?
54
Calculate the greatest common factor of 264 and 19602.
66
What is the greatest common divisor of 130494 and 4368?
546
Calculate the highest common factor of 2915 and 88.
11
What is the greatest common factor of 138214 and 406?
58
What is the highest common factor of 11866 and 398558?
698
Calculate the greatest common divisor of 4514 and 1406.
74
Calculate the highest common factor of 10 and 1845530.
10
What is the greatest common divisor of 5151 and 612?
51
What is the greatest common factor of 1432 and 996851?
179
What is the greatest common factor of 6 and 106236?
6
Calculate the greatest common factor of 330 and 10320.
30
What is the greatest common factor of 1356824 and 56?
56
Calculate the highest common factor of 24 and 283614.
6
What is the greatest common divisor of 328920 and 120?
120
Calculate the greatest common factor of 2569 and 1832798.
367
Calculate the highest common factor of 5088 and 9063.
159
What is the greatest common divisor of 472 and 2008?
8
Calculate the greatest common divisor of 66 and 1096854.
66
What is the greatest common divisor of 1376 and 29408?
32
Calculate the greatest common factor of 767 and 8319.
59
Calculate the greatest common divisor of 1406 and 47576.
38
What is the highest common factor of 21 and 3318?
21
What is the highest common factor of 25168 and 270842?
286
Calculate the greatest common factor of 84 and 47418.
42
Calculate the highest common factor of 130 and 132470.
130
What is the greatest common factor of 287 and 13612?
41
What is the highest common factor of 258110 and 4770?
530
What is the greatest common divisor of 94260 and 120?
60
Calculate the highest common factor of 89961 and 314.
157
Calculate the greatest common divisor of 40115 and 45440.
355
What is the highest common divisor of 288 and 1088928?
288
Calculate the highest common divisor of 56 and 14987.
7
Calculate the highest common divisor of 243 and 30321.
27
Calculate the greatest common factor of 1256 and 2759432.
1256
Calculate the greatest common factor of 8 and 141880.
8
What is the highest common divisor of 19170 and 6106?
142
Calculate the highest common divisor of 4849 and 20709.
13
Calculate the highest common divisor of 46656 and 5760.
576
Calculate the highest common factor of 1478 and 16.
2
What is the greatest common factor of 1920 and 1152?
384
Calculate the highest common divisor of 7083 and 286468.
787
Calculate the highest common factor of 164244 and 24.
12
Calculate the greatest common divisor of 1290 and 16239810.
1290
Calculate the greatest common factor of 45036 and 81.
81
Calculate the greatest common divisor of 31 and 947.
1
Calculate the highest common divisor of 19965 and 715.
55
Calculate the highest common factor of 88480 and 27097.
553
What is the highest common divisor of 75150 and 300?
150
What is the highest common factor of 102113 and 1617?
11
What is the greatest common factor of 88 and 2378728?
88
What is the greatest common factor of 51850 and 366?
122
Calculate the highest common factor of 315 and 16506.
63
What is the greatest common divisor of 6063 and 3525?
141
What is the highest common divisor of 1298 and 1782?
22
Calculate the greatest common divisor of 834 and 366.
6
Calculate the greatest common divisor of 131726 and 70.
14
Calculate the highest common factor of 42 and 2586.
6
What is the highest common divisor of 120935 and 5?
5
What is the greatest common divisor of 58608 and 12375?
99
What is the highest common factor of 195 and 886665?
195
What is the greatest common factor 